et y = -40 + 75. What is the units digit of y?
5
Let z = 4 - 2. Let d be (8/10)/(z/(-10)). Let x = 24 + d. What is the units digit of x?
0
Suppose 3 = -2*b - 4*g - 9, -g = 3. Let p(i) = i + 3. Let y be p(b). Suppose 0*j = -j + y. What is the units digit of j?
3
Let l = -5 + 10. Suppose 4*d - 31 = l. What is the units digit of d?
9
Let s be 6/4*(-8)/(-6). Let h(w) = -1 + 3 + 2*w**3 - 2*w**2 - w**2. What is the units digit of h(s)?
6
Let l be (-12)/10*300/9. Let y = l + 65. What is the units digit of y?
5
Let z(o) = -14*o**2 - 12*o + 15. Let d(h) = 5*h**2 + 4*h - 5. Let l(x) = 11*d(x) + 4*z(x). What is the units digit of l(-4)?
5
Let f = -29 - -62. Let j = -10 + f. What is the tens digit of j?
2
Suppose -2*x - 17 = -0*i - 3*i, i + x = -1. Let a(q) = -q**3 + 7*q**2 - 5*q + 2. Let t be a(6). Suppose i*k + 35 = t*k. What is the units digit of k?
7
Let g be (8 - 10)/(2/8). Let d be (-14)/g + (-4)/(-16). What is the units digit of 0 + 2/d*16?
6
Let p = -1 + 6. Let h = p + -2. What is the units digit of h?
3
Suppose 2*i - 99 = 89. What is the tens digit of i?
9
What is the tens digit of 126/(-24)*40/(-6)?
3
Suppose -7*i = -2*i. Suppose 3*r = 2*s - 4, -4*s - r = -i*r - 8. Suppose s*b - 17 = 1. What is the units digit of b?
9
Let s(u) = u**3 - 3*u**2 + 2*u - 4. Let l be s(3). Suppose 5*g - l*a - 77 = 20, 3*a - 117 = -5*g. What is the units digit of g?
1
Suppose d + 0*g - 31 = -g, 0 = d - 5*g - 37. What is the units digit of d?
2
Let o be 4/(-8)*(-8 + 0). Suppose o*i - 21 - 27 = 0. What is the units digit of i?
2
Let v(b) = b**3 + 3*b**2 - 7*b - 6. Let r(t) = -t. Let p be r(4). Let h be v(p). Suppose h*n - 2*d - 20 = n, 2*d = 0. What is the units digit of n?
4
Suppose -4*t - 2*p = 20, 0 = 5*t - 0*p - 3*p + 36. Let r be (-28)/t + 1/3. Suppose 2*x - r = 1. What is the units digit of x?
3
Suppose 0 = -f - 0*f - 3. What is the units digit of 4/((-4)/(-7)) + f?
4
What is the tens digit of 12/(-3) + (3 - -53)?
5
Suppose 2*f + 3*f + 15 = 2*k, 3*k = f - 10. Let v(q) be the third derivative of q**5/60 + 5*q**4/24 + 7*q**3/6 - 2*q**2. What is the units digit of v(k)?
7
Let m be 1/((-1)/(-2)) + -1. Suppose -5*n + 3*g + 82 = 0, -n - 5*g = m - 23. What is the units digit of n?
7
Let n be (0/(-2))/(0 + 2). Suppose -u - 2*u + 45 = n. Suppose -3*v - o = -42, 4*v + 5*o - u = 2*v. What is the tens digit of v?
1
Let h be 2 + -4 - (1 + -7). Suppose -12 = h*t, 5*t = -5*a - 0*t - 150. Let k = a - -41. What is the units digit of k?
4
Let v(x) = x**2 + 14*x + 4. Let i be v(-14). Suppose 73 = i*h + 5. What is the tens digit of h?
1
Let r = 19 - -13. What is the tens digit of r?
3
Let w be 2/(-6) + 16/3. Suppose w = -i - 0. Let p = -3 - i. What is the units digit of p?
2
Let t(d) = -d**3 + 13*d**2 - 12*d + 2. Let v be t(12). Suppose 7*b - v*b - 3*o - 30 = 0, b - 13 = 2*o. Suppose -2 = b*i - 17. What is the units digit of i?
5
Let z be 2/(1*(-3)/(-6)). Suppose -4*c = -2*q - 2*c - 2, z*c - 10 = 2*q. What is the tens digit of (-2)/6 + 31/q?
1
Let b be (-2 + 2 - -2) + 1. Suppose 0*a = b*a - 3. Suppose 3*l - 2*l = a, 2*m - 2*l = 0. What is the units digit of m?
1
Let a = -12 + 20. What is the units digit of a?
8
Let z(p) = 4*p + 0*p + 4*p**2 + 1 - 4*p**3 + 2. Let y(h) = 5*h**3 - 5*h**2 - 5*h - 4. Let v(f) = -3*y(f) - 4*z(f). What is the units digit of v(2)?
2
Suppose 0 = g - 2*h - 82, 3*g + 78 = -h + 331. What is the tens digit of g?
8
Let y = -136 + 303. What is the tens digit of y?
6
Let n(d) = d. Let v be n(2). Suppose 4*k - 6 = -v. What is the units digit of k?
1
What is the units digit of ((-69)/12)/(1/(-16))?
2
Let q(f) = -f**2 - 4*f + 5. Let o be q(-5). Suppose -3*i + 3*n = 6, -3*n + 10 - 4 = o. What is the units digit of 3 + -2 + (i - -3)?
4
Let i = 105 + -59. What is the units digit of i?
6
Suppose 3*c = 5*h + 51, -c + 2*h = -18 + 2. What is the tens digit of c?
2
Suppose -2*k - 12*k + 2198 = 0. What is the tens digit of k?
5
Let j(o) = -2*o - 11. Let m be j(-9). Suppose -3*b - 8 = -m*b. Suppose -1 - b = -c. What is the units digit of c?
3
Let z be (-2)/1*1 + 2. Let b(k) = k**2 - k + 3. Let l be b(z). Suppose 8*u - 3*u - 8 = v, -l*v - 3*u + 48 = 0. What is the units digit of v?
2
Let f(t) = t**3 - t**2 - 1. Let p(h) = -4*h**3 + 15*h**2 + 12*h + 6. Let v(q) = 5*f(q) + p(q). What is the tens digit of v(-8)?
3
What is the units digit of 8/(-6)*(-7 - -4)?
4
Let z(r) = r**2 + 3*r. Let x = -2 + 2. Let t = x - 5. What is the tens digit of z(t)?
1
Suppose 26*y - 29*y + 417 = 0. What is the hundreds digit of y?
1
Let r = 682 + -479. What is the tens digit of r?
0
What is the units digit of 934/14 - ((-46)/14 - -3)?
7
What is the units digit of -2 - 43*(-1 - 0)?
1
Let a = -6 + 8. Suppose 3*b + 12 = 3*g + g, 0 = a*g - 3*b - 6. What is the units digit of g?
3
Let w = -4 + 6. Let c be (1/w)/((-5)/(-10)). What is the units digit of (0 - c)/(4/(-16))?
4
Let k(w) = -5*w - 3. Let h(j) = -3*j**2 + j + 1. Let o be h(-1). What is the units digit of k(o)?
2
Suppose h = -2*u + 66, -5*u - h + 162 = -0*h. What is the tens digit of u?
3
Let w = -9 + 24. Suppose 4*a - 2*d - 12 = 0, -5*a + 0*d + 4*d = -w. What is the units digit of a?
3
Let i(g) = 5*g + 18. Let j be i(-4). Let q be 0 - 1*(-67 + 1). What is the tens digit of (j/(-3))/(4/q)?
1
Let g(q) = -q**3 - 25*q**2 + 26*q + 24. What is the tens digit of g(-26)?
2
Let c = 5 - 8. Let p be 4*(-2 - -1)*c. Let j = -5 + p. What is the units digit of j?
7
Suppose -q + 2 = -3*h, -2*q - 2 = 3*h + 3. Let v be 1/1 + h + -1. Let y = 1 - v. What is the units digit of y?
2
Let u be (-1 + -1)/((-2)/(-3)). Let q = -7 + u. Let g = q - -14. What is the units digit of g?
4
Let y(h) = h**2 + h. Let k be y(0). Suppose k = 3*r - 6*r. Suppose -2*q + 2 = -r*q. What is the units digit of q?
1
Suppose -2*g + 12 - 2 = 0. Suppose -g*n + 9 = -6. What is the units digit of n?
3
Let z(l) = -l - 4. Let j be z(6). Let f = 34 + j. What is the units digit of f?
4
Let g(b) = -2*b - 7. Let n be g(-6). Suppose 4*p = 3*j - p + 84, 5*j + n*p + 100 = 0. Let m = j + 32. What is the units digit of m?
9
Suppose -5*u - 4*z + z = -12, -2*u + 2*z = 8. Let p = u + 2. Suppose a - 6 = -p. What is the units digit of a?
4
Suppose -27 = -5*j - 2. Suppose -d - j = t - 0*t, -t + 5 = -d. Let s(v) = v**2 + 5. What is the units digit of s(t)?
5
Let f(j) be the third derivative of j**6/40 + j**5/30 - j**4/24 + j**2. What is the tens digit of f(2)?
3
Let m(t) = -t**2 + 5*t + 4. Let p be m(5). Suppose -p*d + 88 = -2*d. Suppose -h = -3*x + 8*x - d, 66 = 4*h - 2*x. What is the tens digit of h?
1
Let p be (14/(-6))/(1/(-9)). Suppose -r + w - 18 = -0*w, 3*r + 49 = 2*w. Let n = r + p. What is the units digit of n?
8
Let u = -194 + 369. What is the tens digit of u?
7
Let i = 130 - 64. What is the units digit of i?
6
Suppose -5*i - 3*l + 12 = 0, -4*l - l + 20 = -i. Suppose 2*p + i*p = 16. What is the units digit of p?
8
Let y = 12 - 4. What is the units digit of y/20*-2*-5?
4
Let g = 16 - 1. Let r = g + -10. Suppose a - 2 = -5*f + 17, 2*a - r*f = 8. What is the units digit of a?
9
Let n(i) = i**2 - 3. Let o be n(0). Let k be (2 + o + 0)/(-1). Suppose 4*v - b = 3, -8 - k = 3*v - 3*b. What is the units digit of v?
2
Suppose 0 = 2*n + n - s - 22, 4*n + s - 34 = 0. Suppose 0 = m + n - 44. What is the units digit of m?
6
Suppose 16 = -0*a + 4*a, 4*m - a = 400. What is the units digit of m?
1
Suppose -3*u - 2 + 4 = 2*v, 0 = 2*u - 4*v + 20. What is the units digit of (3 + u)/((-2)/(-10))?
5
Suppose 3*j = -2*l - 2*j + 33, 3*l + 3*j = 63. Suppose 8 = -2*o + l. What is the units digit of o?
8
Suppose 0*t + 5*t = -4*g - 77, -5*g + 4*t = 86. Let j = g - -37. What is the units digit of j?
9
Suppose -5*o - 16 = -o. Let y(f) = 5*f**2 + 10*f + 4. Let l(t) = -11*t**2 - 21*t - 8. Let a(p) = -4*l(p) - 9*y(p). What is the units digit of a(o)?
4
Suppose 0*t - t - 47 = 5*u, -3*u = 2*t + 31. Let x(z) = -13*z + 7. Let n(k) = -6*k + 3. Let s(d) = u*n(d) + 4*x(d). What is the units digit of s(2)?
5
Suppose -2*s + 42 = -68. What is the units digit of s?
5
Let v(k) = -k**2 - 7*k - 8. Let z be v(-6). What is the tens digit of ((-56)/10)/(z/5)?
1
Suppose 2*t = -0*t + 12. Let y = -3 + t. Suppose -4 = -y*w + 8. What is the units digit of w?
4
Let j(l) = l + 7. Let h be j(-5). Suppose 2*x = -b + 19, 27 = 4*x + 4*b - 21. Suppose -4*m - x = 1, -